f 263691083.
83, 467, 6803
What are the prime factors of 91919578?
2, 17, 67, 40351
What are the prime factors of 154210634?
2, 227, 339671
What are the prime factors of 61807236?
2, 3, 29, 97, 1831
What are the prime factors of 967138920?
2, 3, 5, 11, 81409
List the prime factors of 193119199.
7, 13, 2122189
What are the prime factors of 38501994?
2, 3, 6416999
What are the prime factors of 1554948703?
7, 11, 97, 29741
List the prime factors of 1475822002.
2, 23, 32083087
List the prime factors of 93947802.
2, 3, 13, 67, 17977
What are the prime factors of 114855536?
2, 17, 59, 421
What are the prime factors of 3420517539?
3, 3329, 342497
What are the prime factors of 3144035284?
2, 13, 17, 3556601
List the prime factors of 1086896360.
2, 5, 11, 17, 145307
What are the prime factors of 7121355541?
47, 1999, 75797
List the prime factors of 16335211.
2437, 6703
List the prime factors of 13323737.
7, 37, 7349
List the prime factors of 8080578.
2, 3, 11, 37, 1103
List the prime factors of 21669603.
3, 7223201
What are the prime factors of 2861220?
2, 3, 5, 43, 1109
List the prime factors of 43412597.
43412597
List the prime factors of 469566487.
13, 131, 275729
What are the prime factors of 69509936?
2, 31, 353, 397
What are the prime factors of 1859011656?
2, 3, 101, 269, 2851
What are the prime factors of 785458656?
2, 3, 31, 87977
What are the prime factors of 3249776930?
2, 5, 47, 6914419
List the prime factors of 557001369.
3, 241, 256801
List the prime factors of 83410700.
2, 5, 834107
List the prime factors of 43639953.
3, 7, 2078093
What are the prime factors of 30733466?
2, 15366733
List the prime factors of 28695459.
3, 13, 735781
What are the prime factors of 77340945?
3, 5, 11, 73, 6421
List the prime factors of 64258537.
7, 9179791
List the prime factors of 132260893.
149, 887657
List the prime factors of 2845842362.
2, 11, 129356471
List the prime factors of 15145860.
2, 3, 5, 252431
What are the prime factors of 741539080?
2, 5, 317, 58481
List the prime factors of 18167772.
2, 3, 7, 313, 691
List the prime factors of 101181066.
2, 3, 7, 61, 73, 541
List the prime factors of 178871573.
178871573
What are the prime factors of 257449137?
3, 11, 7801489
What are the prime factors of 91360569?
3, 19, 1602817
List the prime factors of 3329312.
2, 7, 89, 167
What are the prime factors of 110483582?
2, 11, 23, 97, 2251
What are the prime factors of 124401262?
2, 62200631
What are the prime factors of 497023292?
2, 223, 557201
What are the prime factors of 324283955?
5, 64856791
List the prime factors of 288101564.
2, 2027, 35533
List the prime factors of 103234563.
3, 107, 107201
List the prime factors of 2909802654.
2, 3, 11, 17, 131, 6599
List the prime factors of 65225274.
2, 3, 107, 283, 359
List the prime factors of 33457077.
3, 1239151
List the prime factors of 263442025.
5, 7, 11, 107, 1279
List the prime factors of 198708942.
2, 3, 379, 87383
List the prime factors of 35897454.
2, 3, 839, 2377
List the prime factors of 27262394.
2, 13631197
What are the prime factors of 1476802798?
2, 738401399
What are the prime factors of 19812265?
5, 11, 360223
What are the prime factors of 1313566?
2, 656783
What are the prime factors of 253287420?
2, 3, 5, 17, 239, 1039
List the prime factors of 2710869245.
5, 7, 31, 67, 89, 419
List the prime factors of 10616353.
11, 31, 163, 191
List the prime factors of 272179723.
23, 43, 275207
What are the prime factors of 1431450305?
5, 286290061
What are the prime factors of 38666863?
61, 633883
List the prime factors of 4106271941.
389, 10555969
What are the prime factors of 52397867?
29, 53, 73, 467
List the prime factors of 126066193.
11, 1889, 6067
What are the prime factors of 3856199285?
5, 367, 2101471
What are the prime factors of 602256030?
2, 3, 5, 37, 269, 2017
What are the prime factors of 316956786?
2, 3, 101, 523031
List the prime factors of 4234398610.
2, 5, 13, 32572297
What are the prime factors of 33664894?
2, 37, 454931
List the prime factors of 15756887.
15756887
List the prime factors of 475586733.
3, 158528911
What are the prime factors of 101108172?
2, 3, 11, 765971
What are the prime factors of 416527516?
2, 23, 4527473
What are the prime factors of 94239637?
139, 677983
What are the prime factors of 814993206?
2, 3, 29, 151, 31019
What are the prime factors of 1120726545?
3, 5, 74715103
List the prime factors of 1307760050.
2, 5, 26155201
What are the prime factors of 1574949?
3, 524983
What are the prime factors of 3137166275?
5, 103, 347, 3511
What are the prime factors of 372324740?
2, 5, 18616237
List the prime factors of 74534057.
13, 47, 199, 613
What are the prime factors of 5093156594?
2, 31, 1223, 67169
List the prime factors of 579302520.
2, 3, 5, 4827521
What are the prime factors of 54337010?
2, 5, 7, 13, 29, 71
List the prime factors of 231291335.
5, 11, 23, 182839
What are the prime factors of 40506496?
2, 23, 13759
What are the prime factors of 299383076?
2, 19, 207329
List the prime factors of 21768195.
3, 5, 1451213
What are the prime factors of 67170695?
5, 23, 359, 1627
What are the prime factors of 6732238834?
2, 3366119417
List the prime factors of 109395766.
2, 307, 178169
List the prime factors of 130082136.
2, 3, 5420089
What are the prime factors of 22820006?
2, 11, 1037273
List the prime factors of 2276112369.
3, 758704123
What are the prime factors of 152687508?
2, 3, 12723959
What are the prime factors of 129361465?
5, 25872293
List the prime factors of 65461508.
2, 7, 2337911
List the prime factors of 8584211253.
3, 3557, 804443
What are the prime factors of 231179978?
2, 227, 337, 1511
What are the prime factors of 69745285?
5, 109, 127973
List the prime factors of 98847159.
3, 461, 71473
List the prime factors of 435460398.
2, 3, 43, 1687831
List the prime factors of 174592197.
3, 13, 19, 78539
List the prime factors of 3427388463.
3, 1142462821
List the prime factors of 320797597.
61, 5258977
What are the prime factors of 111713282?
2, 293, 379, 503
List the prime factors of 482416222.
2, 439, 549449
List the prime factors of 38758197.
3, 23, 561713
List the prime factors of 42925419.
3, 811, 5881
What are the prime factors of 1722932015?
5, 7, 6637, 7417
What are the prime factors of 65771923?
7, 2753, 3413
What are the prime factors of 321632507?
7, 2657, 17293
List the prime factors of 33863292.
2, 3, 313549
List the prime factors of 294902889.
3, 98300963
What are the prime factors of 3118443055?
5, 7, 13, 979103
What are the prime factors of 284890945?
5, 151, 377339
List the prime factors of 307946656.
2, 641, 15013
What are the prime factors of 142509722?
2, 5821, 12241
What are the prime factors of 120651520?
2, 5, 11, 19, 41
List the prime factors of 40717121.
40717121
What are the prime factors of 79122368?
2, 13, 61, 1559
What are the prime factors of 4998626419?
19, 71, 3705431
List the prime factors of 147680089.
199, 742111
List the prime factors of 145422173.
13, 37, 43, 79, 89
What are the prime factors of 64220880?
2, 3, 5, 267587
What are the prime factors of 62081812?
2, 13, 91837
What are the prime factors of 420158864?
2, 3463, 7583
What are the prime factors of 12939406?
2, 6469703
What are the prime factors of 134812803?
3, 227, 197963
List the prime factors of 282438132.
2, 3, 23536511
List the prime factors of 100025388.
2, 3, 926161
List the prime factors of 221094664.
2, 7, 564017
List the prime factors of 323688686.
2, 41, 131, 30133
List the prime factors of 55942994.
2, 27971497
What are the prime factors of 1965489048?
2, 3, 19, 75619
What are the prime factors of 522303255?
3, 5, 19, 203627
List the prime factors of 200059048.
2, 7, 43, 251, 331
List the prime factors of 278686453.
47, 467, 12697
What are the prime factors of 7065724?
2, 163, 10837
What are the prime factors of 1919705623?
11, 174518693
What are the prime factors of 21625176?
2, 3, 137, 6577
What are the prime factors of 71785212?
2, 3, 31, 192971
What are the prime factors of 66470331?
3, 22156777
List the prime factors of 328981719.
3, 11, 23, 149, 2909
What are the prime factors of 116908257?
3, 38969419
List the prime factors of 461816618.
2, 230908309
What are the prime factors of 69360393?
3, 19, 1216849
List the prime factors of 4515907